{"id":20277,"date":"2018-11-29T10:46:19","date_gmt":"2018-11-29T09:46:19","guid":{"rendered":"https:\/\/www.larouelibre.fr\/blog\/?page_id=20277"},"modified":"2025-07-03T15:18:19","modified_gmt":"2025-07-03T13:18:19","slug":"atelier","status":"publish","type":"page","link":"https:\/\/www.larouelibre.fr\/blog\/atelier\/","title":{"rendered":"Atelier"},"content":{"rendered":"\n<p>L&rsquo;atelier La Roue Libre c&rsquo;est avant tout l&rsquo;exp\u00e9rience et la passion du cycle au service de nos clients. Quel que soit votre demande, nous vous \u00e9couterons et mettrons tout nos savoir faire pour r\u00e9parer ou am\u00e9liorer votre monture. Demandez nous un devis, nous sommes la pour vous r\u00e9pondre!<\/p>\n\n\n\n<p><\/p>\n\n\n\n<p class=\"has-text-align-center has-vivid-red-color has-text-color has-link-color wp-elements-85cd4add7b597459512ac50b3962ea3f\"><strong>Attention, nos ateliers de Nice et Cagnes-sur-Mer ne r\u00e9parent pas les trottinettes \u00e9lectriques. Nous sommes sp\u00e9cialistes cycles et n&rsquo;avons pas les pi\u00e8ces adapt\u00e9es pour ce genre de r\u00e9parations. Merci de votre compr\u00e9hension.<\/strong> <\/p>\n\n\n\n<p><\/p>\n","protected":false},"excerpt":{"rendered":"<p>L&rsquo;atelier La Roue Libre c&rsquo;est avant tout l&rsquo;exp\u00e9rience et la passion du cycle au service de nos clients. Quel que soit votre demande, nous vous \u00e9couterons et mettrons tout nos savoir faire pour r\u00e9parer ou am\u00e9liorer votre monture. Demandez nous un devis, nous sommes la pour vous r\u00e9pondre! Attention, nos ateliers de Nice et Cagnes-sur-Mer [&hellip;]<\/p>\n","protected":false},"author":1,"featured_media":0,"parent":0,"menu_order":0,"comment_status":"closed","ping_status":"closed","template":"","meta":{"jetpack_post_was_ever_published":false,"footnotes":""},"class_list":["post-20277","page","type-page","status-publish"],"yoast_head":"<!-- This site is optimized with the Yoast SEO plugin v26.5 - https:\/\/yoast.com\/wordpress\/plugins\/seo\/ -->\n<title>Atelier - La Roue Libre<\/title>\n<meta name=\"robots\" content=\"index, follow, max-snippet:-1, max-image-preview:large, max-video-preview:-1\" \/>\n<link rel=\"canonical\" href=\"https:\/\/www.larouelibre.fr\/blog\/atelier\/\" \/>\n<meta property=\"og:locale\" content=\"fr_FR\" \/>\n<meta property=\"og:type\" content=\"article\" \/>\n<meta property=\"og:title\" content=\"Atelier - La Roue Libre\" \/>\n<meta property=\"og:description\" content=\"L&rsquo;atelier La Roue Libre c&rsquo;est avant tout l&rsquo;exp\u00e9rience et la passion du cycle au service de nos clients. Quel que soit votre demande, nous vous \u00e9couterons et mettrons tout nos savoir faire pour r\u00e9parer ou am\u00e9liorer votre monture. Demandez nous un devis, nous sommes la pour vous r\u00e9pondre! Attention, nos ateliers de Nice et Cagnes-sur-Mer [&hellip;]\" \/>\n<meta property=\"og:url\" content=\"https:\/\/www.larouelibre.fr\/blog\/atelier\/\" \/>\n<meta property=\"og:site_name\" content=\"La Roue Libre\" \/>\n<meta property=\"article:modified_time\" content=\"2025-07-03T13:18:19+00:00\" \/>\n<meta name=\"twitter:card\" content=\"summary_large_image\" \/>\n<meta name=\"twitter:label1\" content=\"Dur\u00e9e de lecture estim\u00e9e\" \/>\n\t<meta name=\"twitter:data1\" content=\"1 minute\" \/>\n<script type=\"application\/ld+json\" class=\"yoast-schema-graph\">{\"@context\":\"https:\/\/schema.org\",\"@graph\":[{\"@type\":\"WebPage\",\"@id\":\"https:\/\/www.larouelibre.fr\/blog\/atelier\/\",\"url\":\"https:\/\/www.larouelibre.fr\/blog\/atelier\/\",\"name\":\"Atelier - La Roue Libre\",\"isPartOf\":{\"@id\":\"https:\/\/www.larouelibre.fr\/blog\/#website\"},\"datePublished\":\"2018-11-29T09:46:19+00:00\",\"dateModified\":\"2025-07-03T13:18:19+00:00\",\"breadcrumb\":{\"@id\":\"https:\/\/www.larouelibre.fr\/blog\/atelier\/#breadcrumb\"},\"inLanguage\":\"fr-FR\",\"potentialAction\":[{\"@type\":\"ReadAction\",\"target\":[\"https:\/\/www.larouelibre.fr\/blog\/atelier\/\"]}]},{\"@type\":\"BreadcrumbList\",\"@id\":\"https:\/\/www.larouelibre.fr\/blog\/atelier\/#breadcrumb\",\"itemListElement\":[{\"@type\":\"ListItem\",\"position\":1,\"name\":\"Accueil\",\"item\":\"https:\/\/www.larouelibre.fr\/blog\/\"},{\"@type\":\"ListItem\",\"position\":2,\"name\":\"Atelier\"}]},{\"@type\":\"WebSite\",\"@id\":\"https:\/\/www.larouelibre.fr\/blog\/#website\",\"url\":\"https:\/\/www.larouelibre.fr\/blog\/\",\"name\":\"La Roue Libre\",\"description\":\"Votre sp\u00e9cialiste cycle, v\u00e9lo \u00e9lectrique, vtt, v\u00e9lo route \u00e0 Nice et cagnes sur mer\",\"potentialAction\":[{\"@type\":\"SearchAction\",\"target\":{\"@type\":\"EntryPoint\",\"urlTemplate\":\"https:\/\/www.larouelibre.fr\/blog\/?s={search_term_string}\"},\"query-input\":{\"@type\":\"PropertyValueSpecification\",\"valueRequired\":true,\"valueName\":\"search_term_string\"}}],\"inLanguage\":\"fr-FR\"}]}<\/script>\n<!-- \/ Yoast SEO plugin. -->","yoast_head_json":{"title":"Atelier - La Roue Libre","robots":{"index":"index","follow":"follow","max-snippet":"max-snippet:-1","max-image-preview":"max-image-preview:large","max-video-preview":"max-video-preview:-1"},"canonical":"https:\/\/www.larouelibre.fr\/blog\/atelier\/","og_locale":"fr_FR","og_type":"article","og_title":"Atelier - La Roue Libre","og_description":"L&rsquo;atelier La Roue Libre c&rsquo;est avant tout l&rsquo;exp\u00e9rience et la passion du cycle au service de nos clients. Quel que soit votre demande, nous vous \u00e9couterons et mettrons tout nos savoir faire pour r\u00e9parer ou am\u00e9liorer votre monture. Demandez nous un devis, nous sommes la pour vous r\u00e9pondre! Attention, nos ateliers de Nice et Cagnes-sur-Mer [&hellip;]","og_url":"https:\/\/www.larouelibre.fr\/blog\/atelier\/","og_site_name":"La Roue Libre","article_modified_time":"2025-07-03T13:18:19+00:00","twitter_card":"summary_large_image","twitter_misc":{"Dur\u00e9e de lecture estim\u00e9e":"1 minute"},"schema":{"@context":"https:\/\/schema.org","@graph":[{"@type":"WebPage","@id":"https:\/\/www.larouelibre.fr\/blog\/atelier\/","url":"https:\/\/www.larouelibre.fr\/blog\/atelier\/","name":"Atelier - La Roue Libre","isPartOf":{"@id":"https:\/\/www.larouelibre.fr\/blog\/#website"},"datePublished":"2018-11-29T09:46:19+00:00","dateModified":"2025-07-03T13:18:19+00:00","breadcrumb":{"@id":"https:\/\/www.larouelibre.fr\/blog\/atelier\/#breadcrumb"},"inLanguage":"fr-FR","potentialAction":[{"@type":"ReadAction","target":["https:\/\/www.larouelibre.fr\/blog\/atelier\/"]}]},{"@type":"BreadcrumbList","@id":"https:\/\/www.larouelibre.fr\/blog\/atelier\/#breadcrumb","itemListElement":[{"@type":"ListItem","position":1,"name":"Accueil","item":"https:\/\/www.larouelibre.fr\/blog\/"},{"@type":"ListItem","position":2,"name":"Atelier"}]},{"@type":"WebSite","@id":"https:\/\/www.larouelibre.fr\/blog\/#website","url":"https:\/\/www.larouelibre.fr\/blog\/","name":"La Roue Libre","description":"Votre sp\u00e9cialiste cycle, v\u00e9lo \u00e9lectrique, vtt, v\u00e9lo route \u00e0 Nice et cagnes sur mer","potentialAction":[{"@type":"SearchAction","target":{"@type":"EntryPoint","urlTemplate":"https:\/\/www.larouelibre.fr\/blog\/?s={search_term_string}"},"query-input":{"@type":"PropertyValueSpecification","valueRequired":true,"valueName":"search_term_string"}}],"inLanguage":"fr-FR"}]}},"jetpack_sharing_enabled":true,"jetpack_shortlink":"https:\/\/wp.me\/P7po7v-5h3","jetpack-related-posts":[{"id":16022,"url":"https:\/\/www.larouelibre.fr\/blog\/velo-electrique\/sav\/","url_meta":{"origin":20277,"position":0},"title":"SAV","author":"La Roue Libre","date":"25 avril 2017","format":false,"excerpt":"La Roue Libre est depuis 13 ans le sp\u00e9cialiste du v\u00e9lo \u00e0 assistance \u00e9lectrique dans les Alpes Maritimes. Fort de son exp\u00e9rience dans le domaine, La Roue Libre s\u2019est sp\u00e9cialis\u00e9e dans la r\u00e9paration des v\u00e9los \u00e0 assistance \u00e9lectriques toutes marques en effectuant le service apr\u00e8s vente en magasin avec des\u2026","rel":"","context":"Article similaire","block_context":{"text":"Article similaire","link":""},"img":{"alt_text":"","src":"","width":0,"height":0},"classes":[]},{"id":16065,"url":"https:\/\/www.larouelibre.fr\/blog\/location\/reservation\/","url_meta":{"origin":20277,"position":1},"title":"R\u00e9servation","author":"La Roue Libre","date":"18 mai 2017","format":false,"excerpt":"IMPORTANT Location sous r\u00e9serve de disponibilit\u00e9. Toute r\u00e9servation valid\u00e9e est due. Toute demande de location devra \u00eatre formul\u00e9e 48H \u00e0 l\u2019avance.Toute modification dans les 48h pr\u00e9c\u00e9dent la location sera factur\u00e9e 15 \u20ac. Les locations sont uniquement disponibles dans votre magasin La Roue Libre Nice au 20 Boulevard Arm\u00e9e des Alpes.\u2026","rel":"","context":"Article similaire","block_context":{"text":"Article similaire","link":""},"img":{"alt_text":"","src":"","width":0,"height":0},"classes":[]},{"id":18851,"url":"https:\/\/www.larouelibre.fr\/blog\/conditions-generales-de-vente\/","url_meta":{"origin":20277,"position":2},"title":"Conditions g\u00e9n\u00e9rales de vente","author":"La Roue Libre","date":"30 mars 2018","format":false,"excerpt":"Article 1 Objet Les conditions g\u00e9n\u00e9rales de ventes d\u00e9crites ci-apr\u00e8s d\u00e9taillent les droits et obligations de l'entreprise \u00a0La Roue Libre et de ses clients dans le cadre de la vente des marchandises r\u00e9pertori\u00e9es sur notre site larouelibre.fr. Toute prestation accomplie par la soci\u00e9t\u00e9 La Roue Libre implique l'adh\u00e9sion sans r\u00e9serve\u2026","rel":"","context":"Article similaire","block_context":{"text":"Article similaire","link":""},"img":{"alt_text":"","src":"","width":0,"height":0},"classes":[]},{"id":20296,"url":"https:\/\/www.larouelibre.fr\/blog\/atelier\/reglage-cales-chaussures\/","url_meta":{"origin":20277,"position":3},"title":"R\u00e9glage cales chaussures","author":"La Roue Libre","date":"30 novembre 2018","format":false,"excerpt":"Votre atelier La Roue Libre Nice vous propose une \u00e9tude MorphoLogics ML Cleat pour obtenir le r\u00e9glage id\u00e9al de vos cales de chaussures cyclistes. Que ce soit pour la route ou le vtt, une \u00e9tude est possible au tarif unique de\u00a030\u20ac. \u00a0Pr\u00e9sentation du MorphoLogics ML Cleat\u00a0 L\u2019appareil ML Cleat \u00ae,\u2026","rel":"","context":"Article similaire","block_context":{"text":"Article similaire","link":""},"img":{"alt_text":"","src":"https:\/\/i0.wp.com\/www.larouelibre.fr\/blog\/wp-content\/uploads\/2018\/11\/morphologics_image.jpg?resize=350%2C200&ssl=1","width":350,"height":200,"srcset":"https:\/\/i0.wp.com\/www.larouelibre.fr\/blog\/wp-content\/uploads\/2018\/11\/morphologics_image.jpg?resize=350%2C200&ssl=1 1x, https:\/\/i0.wp.com\/www.larouelibre.fr\/blog\/wp-content\/uploads\/2018\/11\/morphologics_image.jpg?resize=525%2C300&ssl=1 1.5x, https:\/\/i0.wp.com\/www.larouelibre.fr\/blog\/wp-content\/uploads\/2018\/11\/morphologics_image.jpg?resize=700%2C400&ssl=1 2x, https:\/\/i0.wp.com\/www.larouelibre.fr\/blog\/wp-content\/uploads\/2018\/11\/morphologics_image.jpg?resize=1050%2C600&ssl=1 3x"},"classes":[]},{"id":16055,"url":"https:\/\/www.larouelibre.fr\/blog\/location\/conditions\/","url_meta":{"origin":20277,"position":4},"title":"Conditions","author":"La Roue Libre","date":"18 mai 2017","format":false,"excerpt":"NOS TARIFS \u2013 OUR PRICES Retrouvez l\u2019ensemble de nos tarifs et mod\u00e8les sur cette page. Find all of our prices and models on this page. Toute r\u00e9servation valid\u00e9e est due. Toute demande de location devra \u00eatre formul\u00e9e 48H \u00e0 l\u2019avance.Toute modification dans les 48h pr\u00e9c\u00e9dent la location sera factur\u00e9e 15\u2026","rel":"","context":"Article similaire","block_context":{"text":"Article similaire","link":""},"img":{"alt_text":"","src":"","width":0,"height":0},"classes":[]},{"id":15941,"url":"https:\/\/www.larouelibre.fr\/blog\/velo-electrique\/comprendre-le-vae\/","url_meta":{"origin":20277,"position":5},"title":"Comprendre le VAE","author":"La Roue Libre","date":"13 avril 2017","format":false,"excerpt":"Le VAE ou v\u00e9lo \u00e0 assistance \u00e9lectrique, est de plus en plus r\u00e9pandu de nos jours, mais comment marche t-il? Cette page vous permettra de mieux le comprendre et surtout de conna\u00eetre vos besoins et quel type de moteur ou batterie choisir pour votre futur achat! Le v\u00e9lo \u00e0 assistance\u2026","rel":"","context":"Article similaire","block_context":{"text":"Article similaire","link":""},"img":{"alt_text":"","src":"","width":0,"height":0},"classes":[]}],"_links":{"self":[{"href":"https:\/\/www.larouelibre.fr\/blog\/wp-json\/wp\/v2\/pages\/20277","targetHints":{"allow":["GET"]}}],"collection":[{"href":"https:\/\/www.larouelibre.fr\/blog\/wp-json\/wp\/v2\/pages"}],"about":[{"href":"https:\/\/www.larouelibre.fr\/blog\/wp-json\/wp\/v2\/types\/page"}],"author":[{"embeddable":true,"href":"https:\/\/www.larouelibre.fr\/blog\/wp-json\/wp\/v2\/users\/1"}],"replies":[{"embeddable":true,"href":"https:\/\/www.larouelibre.fr\/blog\/wp-json\/wp\/v2\/comments?post=20277"}],"version-history":[{"count":3,"href":"https:\/\/www.larouelibre.fr\/blog\/wp-json\/wp\/v2\/pages\/20277\/revisions"}],"predecessor-version":[{"id":23316,"href":"https:\/\/www.larouelibre.fr\/blog\/wp-json\/wp\/v2\/pages\/20277\/revisions\/23316"}],"wp:attachment":[{"href":"https:\/\/www.larouelibre.fr\/blog\/wp-json\/wp\/v2\/media?parent=20277"}],"curies":[{"name":"wp","href":"https:\/\/api.w.org\/{rel}","templated":true}]}}

<p>L&rsquo;atelier La Roue Libre c&rsquo;est avant tout l&rsquo;expérience et la passion du cycle au service de nos clients. Quel que soit votre demande, nous vous écouterons et mettrons tout nos savoir faire pour réparer ou améliorer votre monture. Demandez nous un devis, nous sommes la pour vous répondre!</p>



<p></p>



<p class="has-text-align-center has-vivid-red-color has-text-color has-link-color wp-elements-85cd4add7b597459512ac50b3962ea3f"><strong>Attention, nos ateliers de Nice et Cagnes-sur-Mer ne réparent pas les trottinettes électriques. Nous sommes spécialistes cycles et n&rsquo;avons pas les pièces adaptées pour ce genre de réparations. Merci de votre compréhension.</strong> </p>



<p></p>

<p>L&rsquo;atelier La Roue Libre c&rsquo;est avant tout l&rsquo;expérience et la passion du cycle au service de nos clients. Quel que soit votre demande, nous vous écouterons et mettrons tout nos savoir faire pour réparer ou améliorer votre monture. Demandez nous un devis, nous sommes la pour vous répondre! Attention, nos ateliers de Nice et Cagnes-sur-Mer [&hellip;]</p>

<!-- This site is optimized with the Yoast SEO plugin v26.5 - https://yoast.com/wordpress/plugins/seo/ -->
<title>Atelier - La Roue Libre</title>
<meta name="robots" content="index, follow, max-snippet:-1, max-image-preview:large, max-video-preview:-1" />
<link rel="canonical" href="https://www.larouelibre.fr/blog/atelier/" />
<meta property="og:locale" content="fr_FR" />
<meta property="og:type" content="article" />
<meta property="og:title" content="Atelier - La Roue Libre" />
<meta property="og:description" content="L&rsquo;atelier La Roue Libre c&rsquo;est avant tout l&rsquo;expérience et la passion du cycle au service de nos clients. Quel que soit votre demande, nous vous écouterons et mettrons tout nos savoir faire pour réparer ou améliorer votre monture. Demandez nous un devis, nous sommes la pour vous répondre! Attention, nos ateliers de Nice et Cagnes-sur-Mer [&hellip;]" />
<meta property="og:url" content="https://www.larouelibre.fr/blog/atelier/" />
<meta property="og:site_name" content="La Roue Libre" />
<meta property="article:modified_time" content="2025-07-03T13:18:19+00:00" />
<meta name="twitter:card" content="summary_large_image" />
<meta name="twitter:label1" content="Durée de lecture estimée" />
	<meta name="twitter:data1" content="1 minute" />
<script type="application/ld+json" class="yoast-schema-graph">{"@context":"https://schema.org","@graph":[{"@type":"WebPage","@id":"https://www.larouelibre.fr/blog/atelier/","url":"https://www.larouelibre.fr/blog/atelier/","name":"Atelier - La Roue Libre","isPartOf":{"@id":"https://www.larouelibre.fr/blog/#website"},"datePublished":"2018-11-29T09:46:19+00:00","dateModified":"2025-07-03T13:18:19+00:00","breadcrumb":{"@id":"https://www.larouelibre.fr/blog/atelier/#breadcrumb"},"inLanguage":"fr-FR","potentialAction":[{"@type":"ReadAction","target":["https://www.larouelibre.fr/blog/atelier/"]}]},{"@type":"BreadcrumbList","@id":"https://www.larouelibre.fr/blog/atelier/#breadcrumb","itemListElement":[{"@type":"ListItem","position":1,"name":"Accueil","item":"https://www.larouelibre.fr/blog/"},{"@type":"ListItem","position":2,"name":"Atelier"}]},{"@type":"WebSite","@id":"https://www.larouelibre.fr/blog/#website","url":"https://www.larouelibre.fr/blog/","name":"La Roue Libre","description":"Votre spécialiste cycle, vélo électrique, vtt, vélo route à Nice et cagnes sur mer","potentialAction":[{"@type":"SearchAction","target":{"@type":"EntryPoint","urlTemplate":"https://www.larouelibre.fr/blog/?s={search_term_string}"},"query-input":{"@type":"PropertyValueSpecification","valueRequired":true,"valueName":"search_term_string"}}],"inLanguage":"fr-FR"}]}</script>
<!-- / Yoast SEO plugin. -->

L&rsquo;atelier La Roue Libre c&rsquo;est avant tout l&rsquo;expérience et la passion du cycle au service de nos clients. Quel que soit votre demande, nous vous écouterons et mettrons tout nos savoir faire pour réparer ou améliorer votre monture. Demandez nous un devis, nous sommes la pour vous répondre! Attention, nos ateliers de Nice et Cagnes-sur-Mer [&hellip;]

Votre spécialiste cycle, vélo électrique, vtt, vélo route à Nice et cagnes sur mer

La Roue Libre est depuis 13 ans le spécialiste du vélo à assistance électrique dans les Alpes Maritimes. Fort de son expérience dans le domaine, La Roue Libre s’est spécialisée dans la réparation des vélos à assistance électriques toutes marques en effectuant le service après vente en magasin avec des…

Réservation

IMPORTANT Location sous réserve de disponibilité. Toute réservation validée est due. Toute demande de location devra être formulée 48H à l’avance.Toute modification dans les 48h précédent la location sera facturée 15 €. Les locations sont uniquement disponibles dans votre magasin La Roue Libre Nice au 20 Boulevard Armée des Alpes.…

Conditions générales de vente

Article 1 Objet Les conditions générales de ventes décrites ci-après détaillent les droits et obligations de l'entreprise  La Roue Libre et de ses clients dans le cadre de la vente des marchandises répertoriées sur notre site larouelibre.fr. Toute prestation accomplie par la société La Roue Libre implique l'adhésion sans réserve…

Réglage cales chaussures

Votre atelier La Roue Libre Nice vous propose une étude MorphoLogics ML Cleat pour obtenir le réglage idéal de vos cales de chaussures cyclistes. Que ce soit pour la route ou le vtt, une étude est possible au tarif unique de 30€.  Présentation du MorphoLogics ML Cleat  L’appareil ML Cleat ®,…

NOS TARIFS – OUR PRICES Retrouvez l’ensemble de nos tarifs et modèles sur cette page. Find all of our prices and models on this page. Toute réservation validée est due. Toute demande de location devra être formulée 48H à l’avance.Toute modification dans les 48h précédent la location sera facturée 15…

Le VAE ou vélo à assistance électrique, est de plus en plus répandu de nos jours, mais comment marche t-il? Cette page vous permettra de mieux le comprendre et surtout de connaître vos besoins et quel type de moteur ou batterie choisir pour votre futur achat! Le vélo à assistance…
